{"id":2356,"date":"2018-09-17T11:43:02","date_gmt":"2018-09-17T09:43:02","guid":{"rendered":"https:\/\/bienenwiesn.at\/burgenland\/?page_id=2356"},"modified":"2021-06-16T09:00:56","modified_gmt":"2021-06-16T07:00:56","slug":"home","status":"publish","type":"page","link":"https:\/\/bienenwiesn.at\/burgenland\/","title":{"rendered":"BienenWiesen-Burgenland"},"content":{"rendered":"<p>[vc_row][vc_column][vc_column_text]<\/p>\n<blockquote>\n<p style=\"text-align: center;\">Das erfolgreiche Projekt &#8220;Bienenwies\u00b4n&#8221; gibt es seit 2019 auch im Burgenland! <span class=\"_5mfr\"><span class=\"_6qdm\">\ud83c\udf3c<\/span><\/span><span class=\"_5mfr\"><span class=\"_6qdm\">\ud83d\udc1d<\/span><\/span><span class=\"_5mfr\"><span class=\"_6qdm\">\ud83e\udd8b<\/span><\/span><span class=\"_5mfr\"><span class=\"_6qdm\">\ud83d\udc1e<\/span><\/span><\/p>\n<p style=\"text-align: center;\">&#8212;&#8211;<\/p>\n<p style=\"text-align: center;\">Privathaushalte, Firmen, Gemeinden sowie \u00d6ffentliche Institutionen k\u00f6nnen mitmachen und Teile ihrer Gr\u00fcnfl\u00e4chen in wertvolle Nahrungsfl\u00e4chen f\u00fcr Bl\u00fcten best\u00e4ubende Insekten umwandeln. <span class=\"_5mfr\"><span class=\"_6qdm\">\ud83c\udf3c<\/span><\/span><span class=\"_5mfr\"><span class=\"_6qdm\">\ud83c\udf3c<\/span><\/span><span class=\"_5mfr\"><span class=\"_6qdm\">\ud83c\udf3c<\/span><\/span><\/p>\n<p style=\"text-align: center;\">&#8212;&#8211;<\/p>\n<p style=\"text-align: center;\">Im Gegensatz zu vielen anderen Blumenmischungen, die man in diversen Baum\u00e4rkten bekommt, stammt das projekteigene Saatgut zu 100 % aus \u00d6sterreich. <span class=\"_5mfr\"><span class=\"_6qdm\">\ud83d\ude01<\/span><\/span><span class=\"_5mfr\"><span class=\"_6qdm\">\ud83d\udc4d<\/span><\/span><\/p>\n<p style=\"text-align: center;\">&#8212;&#8211;<\/p>\n<p style=\"text-align: center;\">Das SAATGUT bekommt man exklusiv beim Maschinenring Burgenland <span class=\"_5mfr\"><span class=\"_6qdm\">\ud83d\ude0f<\/span><\/span><\/p>\n<p style=\"text-align: center;\">&#8212;&#8211;<\/p>\n<p style=\"text-align: center;\">F\u00fcr diejenigen, die nicht selbst anlegen wollen oder k\u00f6nnen, hat der Maschinenring g\u00fcnstige Paketpreise zusammengestellt. <span class=\"_5mfr\"><span class=\"_6qdm\">\ud83d\udcaa<\/span><\/span><\/p>\n<p>&nbsp;<\/p><\/blockquote>\n<p>[\/vc_column_text][\/vc_column][\/vc_row][vc_row][vc_column][vc_column_text css_animation=&#8221;none&#8221;]<\/p>\n<h2 style=\"text-align: center; color: #c02126;\"><strong>Wichtiger Hinweis: Dies ist die &#8220;Bienenwies\u00b4n-Projektseite&#8221; f\u00fcr das Burgenland!<\/strong><\/h2>\n<p>[\/vc_column_text][\/vc_column][\/vc_row][vc_row][vc_column]<div class=\"row \"><div class=\"col-lg-3 col-md-3 col-xs-12 col-sm-6\"><div class=\"feature-item\">\n    <div class=\"shortcode feature-box feature-box-1 text-center  animated\"\n                 animation_type=\"bounceIn\" animation_duration=\"1\" animation_delay=\"0\"\n        >\n                <div class=\"feature-image\" style=\"width:150px; height:150px; border-radius:75px;\">\n                            <img src=\"\/\/bienenwiesn.at\/burgenland\/wp-content\/uploads\/sites\/5\/2018\/09\/Biene-im-Flug.png\" style=\"width:146px; height:146px; border-radius:73px\" \/>\n                    <\/div>\n                <div class=\"feature-content\" style=\"\">\n                        <h4><span>\u00dcBER DAS PROJEKT<\/span><span class=\"line\"><\/span><\/h4>\n                        <p>[vc_column_text]Geht es den Bienen gut, dann geht es auch den Menschen gut.<br \/>\nUnter diesem Motto wurde in den letzten Jahren an dem Bl\u00fchfl\u00e4chenprojekt \u201eBienenwies\u00b4n\u201c gearbeitet, das nun auch im Burgenland fl\u00e4chendeckend ausgerollt wird.[\/vc_column_text]<\/p>\n        <\/div>\n                <style type=\"text\/css\">\n                                                                            .feature-box-1 .feature-image {\n                                        border-color: #5e5e5e;                                    }\n                                                                                <\/style>\n            <\/div>\n<\/div>\n    <\/div><div class=\"col-lg-3 col-md-3 col-xs-12 col-sm-6\"><div class=\"feature-item\">\n    <div class=\"shortcode feature-box feature-box-2 text-center  animated\"\n                 animation_type=\"bounceIn\" animation_duration=\"1\" animation_delay=\"0\"\n        >\n                <div class=\"feature-image\" style=\"width:150px; height:150px; border-radius:75px;\">\n                            <img src=\"\/\/bienenwiesn.at\/burgenland\/wp-content\/uploads\/sites\/5\/2018\/09\/verantwortung.png\" style=\"width:146px; height:146px; border-radius:73px\" \/>\n                    <\/div>\n                <div class=\"feature-content\" style=\"\">\n                        <h4><span>VERANTWORTUNG<\/span><span class=\"line\"><\/span><\/h4>\n                        <p>[vc_column_text]Verantwortung \u00fcbernehmen und sich daran beteiligen! Die Initiative soll das notwendige Bewusstsein schaffen: Mit relativ geringem finanziellen und organisatorischen Aufwand kann Jeder seinen Bl\u00fchstreifen anlegen.[\/vc_column_text]<\/p>\n        <\/div>\n                <style type=\"text\/css\">\n                                                                            .feature-box-2 .feature-image {\n                                        border-color: #5e5e5e;                                    }\n                                                                                <\/style>\n            <\/div>\n<\/div>\n    <\/div><div class=\"col-lg-3 col-md-3 col-xs-12 col-sm-6\"><div class=\"feature-item\">\n    <div class=\"shortcode feature-box feature-box-3 text-center  animated\"\n                 animation_type=\"bounceIn\" animation_duration=\"1\" animation_delay=\"0\"\n        >\n                <div class=\"feature-image\" style=\"width:150px; height:150px; border-radius:75px;\">\n                            <img src=\"\/\/bienenwiesn.at\/burgenland\/wp-content\/uploads\/sites\/5\/2018\/09\/IchmachMit-e1536919505669.jpg\" style=\"width:146px; height:146px; border-radius:73px\" \/>\n                    <\/div>\n                <div class=\"feature-content\" style=\"\">\n                        <h4><span>ICH MACH MIT<\/span><span class=\"line\"><\/span><\/h4>\n                        <p>[vc_column_text]Egal ob Gemeinde, Firma, Landwirt oder Privathaushalt. Machen Sie einen Teil Ihrer Gr\u00fcnfl\u00e4che zur Bienenwies\u00b4n. Es sieht nicht nur sch\u00f6n aus, sondern ist f\u00fcr Bienen und alle Bl\u00fcten best\u00e4ubenden Insekten von gro\u00dfer Wichtigkeit.[\/vc_column_text]<\/p>\n        <\/div>\n                <style type=\"text\/css\">\n                                                                            .feature-box-3 .feature-image {\n                                        border-color: #5e5e5e;                                    }\n                                                                                <\/style>\n            <\/div>\n<\/div>\n    <\/div><div class=\"col-lg-3 col-md-3 col-xs-12 col-sm-6\"><div class=\"feature-item\">\n    <div class=\"shortcode feature-box feature-box-4 text-center  animated\"\n                 animation_type=\"bounceIn\" animation_duration=\"1\" animation_delay=\"0\"\n        >\n                <div class=\"feature-image\" style=\"width:150px; height:150px; border-radius:75px;\">\n                            <img src=\"\/\/bienenwiesn.at\/burgenland\/wp-content\/uploads\/sites\/5\/2018\/09\/partner-e1536919435878.jpg\" style=\"width:146px; height:146px; border-radius:73px\" \/>\n                    <\/div>\n                <div class=\"feature-content\" style=\"\">\n                        <h4><span>DIE PROJEKTPARTNER<\/span><span class=\"line\"><\/span><\/h4>\n                        <p>[vc_column_text]Um dieses Ziel zu erreichen, steht der Maschinenring mit einigen Partnern voller Elan hinter dem Projekt und nutzt neben seiner Technik auch sein Netzwerk und seine Partnerschaften.[\/vc_column_text]<\/p>\n        <\/div>\n                <style type=\"text\/css\">\n                                                                            .feature-box-4 .feature-image {\n                                        border-color: #5e5e5e;                                    }\n                                                                                <\/style>\n            <\/div>\n<\/div>\n    <\/div><\/div>[\/vc_column][\/vc_row][vc_row][vc_column][vc_empty_space][\/vc_column][\/vc_row][vc_row][vc_column el_id=&#8221;verantwortung&#8221;]    <div class=\"shortcode shortcode-bg shortcode-bg-1  \"\n                 style=\"padding:60px 60px 60px 60px;\">\n                <div class=\"bg-image sw-parallax\" data-velocity=\"0.5\" style=\"background-image:url(\/\/bienenwiesn.at\/burgenland\/wp-content\/uploads\/sites\/5\/2018\/09\/Bienen_mit_Brut_2.jpg ); \"><\/div>\n                <div class=\"bg-content\">\n                <\/div>\n            <\/div>\n    [\/vc_column][\/vc_row][vc_row][vc_column]<div class=\"row \"><div class=\"col-lg- col-md-12 col-xs-12 col-sm-12\">    <div class=\"shortcode shortcode-title text-left line  \"\n        >\n                \n                <h2 style=\"\">Verantwortung<\/h2>\n                \n                \n                \n            <\/div>\n    [vc_column_text]Das Thema Verantwortung spielt bei diesem Projekt eine sehr gro\u00dfe Rolle. Verantwortung, die wir alle haben. Die Projektbetreiber wollen daf\u00fcr ihre Partner aus der Landwirtschaft, der Wirtschaft und den \u00f6ffentlichen Institutionen einladen, aktiv mitzumachen. Auch Privathaushalte k\u00f6nnen ihren Beitrag leisten und einen Teil ihrer Gr\u00fcnfl\u00e4che zur \u201eBienenwies\u00b4n\u201c machen. Nur so besteht die Chance, eine sinnvolle und fl\u00e4chendeckende Umsetzung zu schaffen.[\/vc_column_text][vc_column_text]<\/p>\n<h3>Verantwortung hei\u00dft auch Pflege<\/h3>\n<p>Es ist nicht genug, nur einen Bl\u00fchstreifen anlegen zu lassen. Eine Bienenwies\u00b4n anzulegen bedeutet auch Verantwortung zu \u00fcbernehmen und diese zu pflegen. Ihre Blumen brauchen Wasser und einen j\u00e4hrlichen Schnitt.[\/vc_column_text][vc_column_text]<\/p>\n<h3>Bl\u00fctenpracht, wann sie gebraucht wird<\/h3>\n<p>Ihre Bienenwies\u00b4n wird nicht 365 Tage lang im Jahr bunt sein. Abh\u00e4ngig von den Witterungsverh\u00e4ltnissen und der Bodenbeschaffenheit variiert die Zeit der Bl\u00fcte. Eigentlich das Nat\u00fcrlichste der Welt. Aber wichtig ist, dass die Insekten zu der Zeit ihr Futter bekommen, wenn sie es dringend ben\u00f6tigen.[\/vc_column_text][vc_column_text]<\/p>\n<h3>Zeigen Sie ihr Verantwortungsgef\u00fchl<\/h3>\n<p>Mit der Anlage einer Bienenwies\u00b4n tragen Sie aktiv zum Erhalt von Bienen und Bl\u00fcten best\u00e4ubenden Insekten bei.[\/vc_column_text][vc_column_text]<\/p>\n<h3>Bl\u00fcten, die nicht nur sch\u00f6n sind<\/h3>\n<p>Viele Bl\u00fchmischungen enthalten Blumen, die f\u00fcr Insekten leider wertlos sind. Die Bl\u00fchstreifenmischungen, die von der K\u00e4rntner Saatbau zusammengestellt<br \/>\nwurden, sind artenreiche, reichbl\u00fchende Feldblumenmischungen aus einj\u00e4hrigen bzw. mehrj\u00e4hrigen, regionalen Feldblumen. Alle Blumen dieser Mischung stammen urspr\u00fcnglich aus heimischen Wildsammlungen und werden nach den Vorgaben des Gumpensteiner Herkunftszertifikates (www.gzert.at) vermehrt. Also 100 % Saatgut aus \u00d6sterreich![\/vc_column_text]<\/div><\/div>[\/vc_column][\/vc_row][vc_row el_id=&#8221;ichmachmit&#8221;][vc_column]    <div class=\"shortcode shortcode-bg shortcode-bg-2  \"\n                 style=\"padding:60px 60px 60px 60px;\">\n                <div class=\"bg-image sw-parallax\" data-velocity=\"0.5\" style=\"background-image:url(\/\/bienenwiesn.at\/burgenland\/wp-content\/uploads\/sites\/5\/2018\/09\/4583834266_2a9ab69b24_b.jpg ); \"><\/div>\n                <div class=\"bg-content\">\n                <\/div>\n            <\/div>\n    [\/vc_column][\/vc_row][vc_row][vc_column]<div class=\"row \"><div class=\"col-lg- col-md-12 col-xs-12 col-sm-12\">    <div class=\"shortcode shortcode-title text-left line  \"\n        >\n                \n                <h2 style=\"\">Ich mach mit<\/h2>\n                \n                \n                \n            <\/div>\n    [vc_column_text]Egal ob Gemeinde, Firma, Landwirt oder Privathaushalt. Machen Sie einen Teil Ihrer Gr\u00fcnfl\u00e4che zur Bienenwies\u00b4n.[\/vc_column_text][vc_column_text]<\/p>\n<h3>Und so einfach funktioniert es<\/h3>\n<p><strong>PAKETPREIS F\u00dcR ANLAGE<\/strong><br \/>\nDie Durchf\u00fchrung der Ansaat der Bl\u00fchfl\u00e4chen kann der Maschinenring f\u00fcr Sie \u00fcbernehmen. Damit wird eine fachgerechte und sinnvolle Anlage garantiert. Es werden Paketpreise, die die Planung, das Saatgut und die Durchf\u00fchrung beinhalten, geschn\u00fcrt.<\/p>\n<p><strong>Im Rahmen der Bienenwiesn-Aktion 2020 werden wieder spezielle Paketpreise angeboten:<\/strong><\/p>\n<p>Als Richtwert k\u00f6nnen folgende Preise genannt werden:<\/p>\n<ul>\n<li><strong>An- und Abfahrt je Auftrag\u00a0\u00a0\u00a0 \u20ac 50,00\u00a0 pauschal<\/strong><\/li>\n<li><strong>Begr\u00fcnung ab 10 m\u00b2\u00a0 \u00a0 \u00a0 \u00a0 \u00a0 \u00a0 \u00a0 \u00a0 \u00a0\u20ac 2,50 \u00a0je m\u00b2<\/strong><\/li>\n<\/ul>\n<p>Die oben genannten Paketpreise beinhalten neben der An- und Abfahrt, die Bodenbearbeitung, die Saatbeetvorbereitung sowie die Einsaat (inkl. Saatgut), netto zuz\u00fcgl 20%\u00a0 MWSt.<\/p>\n<p>Eine Zufahrtsm\u00f6glichkeit f\u00fcr die Bodenfr\u00e4se von mind. 170 cm Breite muss gew\u00e4hrleistet sein. Mindestbreite der Bienenwies\u00b4n: 170 cm.<\/p>\n<p>Die Preise gelten bei m\u00f6glichst ebenem Gel\u00e4nde. Die Fl\u00e4chen m\u00fcssen vorab vom Auftraggeber gem\u00e4ht und das M\u00e4hgut entfernt worden sein.<\/p>\n<p>F\u00fcr Fl\u00e4chen, die obigen Anforderungen nicht entsprechen, sowie f\u00fcr Gro\u00dffl\u00e4chen werden auf Anfrage \u00a0individuelle Angebote erstellt.<\/p>\n<p>F\u00fcr die laufende Pflege und das Gie\u00dfen der Blumenwiesn hat der jeweilge Partner selbst zu sorgen.<\/p>\n<p>Aufgrund der erforderlichen Saatgutbestellung und Vorbereitung ist eine fr\u00fchzeitige Bestellung notwendig damit die Bienenwiesn im Fr\u00fchjahr angelegt werden kann.[\/vc_column_text][vc_column_text]<\/p>\n<h3>KONTAKTFORMULAR AUSF\u00dcLLEN UND TEIL DES PROJEKTES WERDEN!<\/h3>\n<p style=\"text-align: left;\">F\u00fcllen Sie das Formular UNVERBINDLICH aus. Ihr Berater vom \u00f6rtlichen Maschinenring wird sich bei Ihnen melden und im Rahmen eines pers\u00f6nlichen, kostenlosen Gespr\u00e4chs \u00fcber die m\u00f6gliche Umsetzung informieren (Kostenaufwand, Zeitplan etc.).<\/p>\n<p><strong>Aufgrund der Fl\u00e4chen und Anbaum\u00f6glichkeiten im AGRAR-Bereich werden f\u00fcr Landwirte eigene Pakete angeboten. Hier bitte mit dem Maschinenring vor Ort Kontakt aufnehmen. Weitere Informationen finden Sie auch am Ende dieser WEB-Site (zum Downloaden).<\/strong>[\/vc_column_text]<div role=\"form\" class=\"wpcf7\" id=\"wpcf7-f2342-o1\" lang=\"de-DE\" dir=\"ltr\">\n<div class=\"screen-reader-response\"><p role=\"status\" aria-live=\"polite\" aria-atomic=\"true\"><\/p> <ul><\/ul><\/div>\n<form action=\"\/burgenland\/wp-json\/wp\/v2\/pages\/2356#wpcf7-f2342-o1\" method=\"post\" class=\"wpcf7-form init\" novalidate=\"novalidate\" data-status=\"init\">\n<div style=\"display: none;\">\n<input type=\"hidden\" name=\"_wpcf7\" value=\"2342\" \/>\n<input type=\"hidden\" name=\"_wpcf7_version\" value=\"5.3.2\" \/>\n<input type=\"hidden\" name=\"_wpcf7_locale\" value=\"de_DE\" \/>\n<input type=\"hidden\" name=\"_wpcf7_unit_tag\" value=\"wpcf7-f2342-o1\" \/>\n<input type=\"hidden\" name=\"_wpcf7_container_post\" value=\"0\" \/>\n<input type=\"hidden\" name=\"_wpcf7_posted_data_hash\" value=\"\" \/>\n<\/div>\n<p><label> Dein Name <small>(Pflichtfeld)<\/small>:<br \/>\n    <span class=\"wpcf7-form-control-wrap your-name\"><input type=\"text\" name=\"your-name\" value=\"\" size=\"40\" class=\"wpcf7-form-control wpcf7-text wpcf7-validates-as-required\" aria-required=\"true\" aria-invalid=\"false\" \/><\/span> <\/label><\/p>\n<p><label> ca. Angabe der Fl\u00e4che <small>(Pflichtfeld)<\/small>:<br \/>\n    <span class=\"wpcf7-form-control-wrap area\"><input type=\"text\" name=\"area\" value=\"\" size=\"40\" class=\"wpcf7-form-control wpcf7-text wpcf7-validates-as-required\" aria-required=\"true\" aria-invalid=\"false\" \/><\/span> <\/label><\/p>\n<p><label> Stra\u00dfe:<br \/>\n    <span class=\"wpcf7-form-control-wrap street\"><input type=\"text\" name=\"street\" value=\"\" size=\"40\" class=\"wpcf7-form-control wpcf7-text\" aria-invalid=\"false\" \/><\/span> <\/label><\/p>\n<p><label> Plz <small>(Pflichtfeld)<\/small>:<br \/>\n    <span class=\"wpcf7-form-control-wrap plz\"><input type=\"number\" name=\"plz\" value=\"\" class=\"wpcf7-form-control wpcf7-number wpcf7-validates-as-required wpcf7-validates-as-number\" aria-required=\"true\" aria-invalid=\"false\" \/><\/span> <\/label><\/p>\n<p><label> Ort <small>(Pflichtfeld)<\/small>:<br \/>\n    <span class=\"wpcf7-form-control-wrap city\"><input type=\"text\" name=\"city\" value=\"\" size=\"40\" class=\"wpcf7-form-control wpcf7-text wpcf7-validates-as-required\" aria-required=\"true\" aria-invalid=\"false\" \/><\/span> <\/label><\/p>\n<p><label> Deine Telefonnummer <small>(Pflichtfeld)<\/small>:<br \/>\n    <span class=\"wpcf7-form-control-wrap telephone\"><input type=\"tel\" name=\"telephone\" value=\"\" size=\"40\" class=\"wpcf7-form-control wpcf7-text wpcf7-tel wpcf7-validates-as-required wpcf7-validates-as-tel\" aria-required=\"true\" aria-invalid=\"false\" \/><\/span> <\/label><\/p>\n<p><label> Deine E-Mail-Adresse <small>(Pflichtfeld)<\/small>:<br \/>\n    <span class=\"wpcf7-form-control-wrap your-email\"><input type=\"email\" name=\"your-email\" value=\"\" size=\"40\" class=\"wpcf7-form-control wpcf7-text wpcf7-email wpcf7-validates-as-required wpcf7-validates-as-email\" aria-required=\"true\" aria-invalid=\"false\" \/><\/span> <\/label><\/p>\n<p><span class=\"wpcf7-form-control-wrap acceptance\"><span class=\"wpcf7-form-control wpcf7-acceptance\"><span class=\"wpcf7-list-item\"><label><input type=\"checkbox\" name=\"acceptance\" value=\"1\" aria-invalid=\"false\" \/><span class=\"wpcf7-list-item-label\">Ich akzeptiere die Weiterverarbeitung meiner Daten und die Kontaktaufnahme durch einen Mitarbeiter des zust\u00e4ndigen Maschinenringes<\/span><\/label><\/span><\/span><\/span><\/p>\n<p><small>\u201eDie abgesendeten Daten werden nur zum Zweck der Bearbeitung Ihres Anliegens verarbeitet. Weitere Informationen finden Sie in unserer <a href=\"datenschutzerklaerung\">Datenschutzerkl\u00e4rung<\/a>\u201c.<\/small><br \/>\n<input type=\"submit\" value=\"Senden\" class=\"wpcf7-form-control wpcf7-submit\" \/><\/p>\n<div class=\"wpcf7-response-output\" aria-hidden=\"true\"><\/div><\/form><\/div><\/div><\/div>[\/vc_column][\/vc_row][vc_row][vc_column el_id=&#8221;initiatoren&#8221;]    <div class=\"shortcode shortcode-bg shortcode-bg-3  \"\n                 style=\"padding:60px 60px 60px 60px;\">\n                <div class=\"bg-image sw-parallax\" data-velocity=\"0.5\" style=\"background-image:url(\/\/bienenwiesn.at\/burgenland\/wp-content\/uploads\/sites\/5\/2018\/09\/bee-1806196_960_720.jpg ); \"><\/div>\n                <div class=\"bg-content\">\n                <\/div>\n            <\/div>\n    [\/vc_column][\/vc_row][vc_row][vc_column]<div class=\"row \">    <div class=\"shortcode shortcode-title text-left line  \"\n        >\n                \n                <h2 style=\"\">Initiatoren<\/h2>\n                \n                \n                \n            <\/div>\n    [vc_column_text]Geht es den Bienen gut, dann geht es auch den Menschen gut. Unter diesem Motto arbeitet die Maschinenring-Organisation seit Jahren mit zahlreichen Partnern &#8211; wie der K\u00e4rntner Saatbau Genossenschaft &#8211; an einem Bl\u00fchstreifenprojekt. Mit Kooperationspartnern sollen Nachhaltigkeit und Fl\u00e4chendeckung garantiert werden.[\/vc_column_text]<\/div>[vc_empty_space height=&#8221;15px&#8221;][\/vc_column][\/vc_row][vc_row][vc_column el_id=&#8221;meinebienenwiesn&#8221;]    <div class=\"shortcode shortcode-bg shortcode-bg-4  \"\n                 style=\"padding:60px 60px 60px 60px;\">\n                <div class=\"bg-image sw-parallax\" data-velocity=\"0.5\" style=\"background-image:url(\/\/bienenwiesn.at\/burgenland\/wp-content\/uploads\/sites\/5\/2018\/09\/biene-blume-e1537274707346.jpg ); \"><\/div>\n                <div class=\"bg-content\">\n                <\/div>\n            <\/div>\n    [\/vc_column][\/vc_row][vc_row][vc_column]<div class=\"row \"><div class=\"col-lg-6 col-md-6 col-xs-12 col-sm-6\">    <div class=\"shortcode shortcode-title text-left line  \"\n        >\n                \n                <h2 style=\"\">Ich zeig euch meine Bienenwies\u00b4n!<\/h2>\n                \n                \n                \n            <\/div>\n    [vc_column_text]Hier zeigen wir zuk\u00fcnftig alle umgesetzten Projekte. Sie haben die M\u00f6glichkeit, Ihre Bienenwies\u00b4n zu pr\u00e4sentieren. Machen wir das Burgenland gemeinsam noch bunter und retten wir Bienen und Bl\u00fcten best\u00e4ubende Insekten. Gemeinsam schaffen wir das!<\/p>\n<p>Sobald die ersten Bienenwies&#8217;n bl\u00fchen, werden ausgew\u00e4hlte Projekte hier vorgestellt.[\/vc_column_text]<\/div><div class=\"col-lg-6 col-md-6 col-xs-12 col-sm-6\">[vc_single_image image=&#8221;3063&#8243; img_size=&#8221;full&#8221;]<\/div><\/div>[vc_separator][\/vc_column][\/vc_row][vc_row][vc_column][vc_column_text]<\/p>\n<h2><strong>Bienenwies\u00b4n-Fibel&#8230;alles \u00fcber Anlage und Pflege!<\/strong><\/h2>\n<p>Wir stellen dir die wichtigsten Infos vom Profi zum Download zur Verf\u00fcgung:<\/p>\n<p><a href=\"https:\/\/bienenwiesn.at\/burgenland\/wp-content\/uploads\/sites\/5\/2019\/04\/2019-02-Aussaatanleitung-Bienenwiesn-Fibel-A6.pdf\" target=\"_blank\" rel=\"noopener noreferrer\">FIBEL ZUM DOWNLOAD<\/a>[\/vc_column_text][vc_separator][\/vc_column][\/vc_row][vc_row][vc_column][vc_column_text]<\/p>\n<h2>Der aktuelle Bienenwies\u00b4n-Folder zum Downloaden.<\/h2>\n<p>Hier finden Sie nochmal alle Infos, zum Ausdrucken und Weiterzeigen.<\/p>\n<p><a href=\"https:\/\/bienenwiesn.at\/burgenland\/wp-content\/uploads\/sites\/5\/2019\/04\/Falzfolder-Bienenwiesn-AKTUELL-April-2019-DRUCK.pdf\">FOLDER HIER DOWNLOADEN<\/a>[\/vc_column_text][vc_separator][\/vc_column][\/vc_row][vc_row][vc_column][vc_column_text]<\/p>\n<h2>Die Bienenwies\u00b4n im AGRAR-Bereich<\/h2>\n<p>Informationen f\u00fcr Landwirte \u00fcber den Anbau im Agrar-Bereich erhalten Sie bei Ihrem Maschinenring.[\/vc_column_text][vc_separator][\/vc_column][\/vc_row]<\/p>\n","protected":false},"excerpt":{"rendered":"<p>[vc_row][vc_column][vc_column_text] Das erfolgreiche Projekt &#8220;Bienenwies\u00b4n&#8221; gibt es seit 2019 auch im Burgenland! \ud83c\udf3c\ud83d\udc1d\ud83e\udd8b\ud83d\udc1e &#8212;&#8211; Privathaushalte, Firmen, Gemeinden sowie \u00d6ffentliche Institutionen k\u00f6nnen mitmachen und Teile ihrer Gr\u00fcnfl\u00e4chen in wertvolle Nahrungsfl\u00e4chen f\u00fcr Bl\u00fcten best\u00e4ubende Insekten umwandeln. \ud83c\udf3c\ud83c\udf3c\ud83c\udf3c &#8212;&#8211; Im Gegensatz zu vielen anderen Blumenmischungen, die man in diversen Baum\u00e4rkten bekommt, stammt das projekteigene Saatgut zu 100 % [&hellip;]<\/p>\n","protected":false},"author":1,"featured_media":0,"parent":0,"menu_order":0,"comment_status":"open","ping_status":"open","template":"","meta":[],"_links":{"self":[{"href":"https:\/\/bienenwiesn.at\/burgenland\/wp-json\/wp\/v2\/pages\/2356"}],"collection":[{"href":"https:\/\/bienenwiesn.at\/burgenland\/wp-json\/wp\/v2\/pages"}],"about":[{"href":"https:\/\/bienenwiesn.at\/burgenland\/wp-json\/wp\/v2\/types\/page"}],"author":[{"embeddable":true,"href":"https:\/\/bienenwiesn.at\/burgenland\/wp-json\/wp\/v2\/users\/1"}],"replies":[{"embeddable":true,"href":"https:\/\/bienenwiesn.at\/burgenland\/wp-json\/wp\/v2\/comments?post=2356"}],"version-history":[{"count":10,"href":"https:\/\/bienenwiesn.at\/burgenland\/wp-json\/wp\/v2\/pages\/2356\/revisions"}],"predecessor-version":[{"id":3346,"href":"https:\/\/bienenwiesn.at\/burgenland\/wp-json\/wp\/v2\/pages\/2356\/revisions\/3346"}],"wp:attachment":[{"href":"https:\/\/bienenwiesn.at\/burgenland\/wp-json\/wp\/v2\/media?parent=2356"}],"curies":[{"name":"wp","href":"https:\/\/api.w.org\/{rel}","templated":true}]}}